+ -71 - -23)?
-24
Evaluate (-5 - -30 - -11) + -10 + -2.
24
-5 - 6 - (19 - (-3 - -2 - -2))
-29
-1 + (5 - -22) + -17 + 3
12
Calculate (-21 + 11 - -17 - (0 + 2)) + -14.
-9
What is the value of (-3 - -18) + (-3 + 2 - 4)?
10
What is 4 - (-8 + 11 + -2)?
3
Evaluate 32 - (-10 + -5 + 28).
19
What is 5 + -2 + 11 - (7 + -1) - 1?
7
(-248 - -243) + 6 + 0
1
Calculate 46 - (8 - (7 - 13) - 0).
32
What is 3 - 39 - (-1 + -18 + 11)?
-28
-5 - -12 - (0 - -1) - (-24 + 42)
-12
-3 - ((1 - -4) + (-4 - (-2 - 1)))
-7
What is 33 - 1 - (25 + 20 - 41)?
28
What is the value of -12 - (12 - ((9 - 26) + 14))?
-27
What is the value of 14 - 9 - -7 - -4?
16
What is (0 - -9 - (-65 - -68)) + -1?
5
Evaluate 2 - 1 - (-10 + (-5 - -32 - -1)).
-17
Evaluate 13 + -11 + -8 + 16.
10
Calculate (19 + -35 - -11) + (2 - 3).
-6
Calculate (-7 - 2) + 3 - (-20 - -27).
-13
Calculate (1 - 0) + 8 - (9 + -52 + 48).
4
Calculate -26 + 13 + -2 + -4.
-19
Calculate (8 - (-4 + 13)) + 13 + 9.
21
What is the value of -2 - (53 + -18 + -28)?
-9
Calculate 1 + -8 + 0 + -2 + 8 + -3.
-4
(-2 - -9 - 2) + 98 + -115
-12
What is the value of (-16 - -11 - 6) + 14 - -10?
13
What is (-8 - -4) + 5 + 0 + -7 + 3?
-3
What is the value of -2 + -1 + 0 + 4 + -8?
-7
Calculate -2 - -17 - 32 - -14.
-3
Calculate -19 - (-22 + 6) - 6.
-9
(0 - -1) + 1 + -24 + -35 + 82
25
Calculate (17 - (-12 - -8)) + -75 + 61.
7
Evaluate 0 - 1 - (3 + -1) - (-480 + 482).
-5
Evaluate (-2 - (2 + 4)) + 14 + -6 - 4.
-4
What is (-643 - -683) + (1 - 22)?
19
-8 + (-22 - -26) + (-3 - -9)
2
What is (1 - -7 - (-5 - -5)) + 1?
9
Evaluate -1 + 1 - (-8 - 10 - -16) - -4.
6
Evaluate 7 - (-5 - (-4 + -3)).
5
Evaluate (760 - 786) + (-10 - (-2 + 0)) + 2.
-32
Evaluate -12 + 1 + 2 + (7 - -1) + -21.
-22
What is (37 + -56 - (-16 - -7)) + -18?
-28
Calculate 5 + -1 + (-14 - (-2 + -7)).
-1
What is ((33 - 16) + -16 - (1 + 30)) + 6?
-24
What is the value of 161 + -149 - (0 + (-1 - -9)) - 2?
2
2 + -11 + -7 + 11 + -8
-13
(-14 - -9) + (15 + -1 - (3 + 2))
4
What is (10 - (0 + 1)) + 170 + -167?
12
(-7 - (15 - 10)) + 13
1
-49 - -53 - (-17 - -3 - 8)
26
2 + -3 - 8 - -3
-6
Evaluate 10 - (-20 - (13 - 28)) - -17.
32
What is -125 + 105 - (-31 - -1)?
10
8 - 3 - (9 + -6 + -12)
14
(-44 - -12) + 15 + 11
-6
4 + (1 - 2) + (56 - 62)
-3
Evaluate -22 - -10 - (11 + (-9 - -5)).
-19
What is -4 + -1 - (225 + -252)?
22
Calculate -2 + 18 - ((18 - 33) + 14).
17
Evaluate -20 - (0 - (-6 - -8)).
-18
What is the value of (-1 - 0) + -306 + 297?
-10
Calculate (-8 - -4) + (-3 - 1) + (26 - 31).
-13
What is (-3 - 33) + (38 - 22)?
-20
Evaluate -14 + 41 - 14 - 5.
8
Evaluate 6 + -13 + -10 + 17.
0
Calculate 8 - (-9 + -12 - -51).
-22
Evaluate (-1 + -1 - (-57 - -44)) + -9.
2
Evaluate 8 + (-16 - (-10 + -5 + 18)).
-11
Calculate -1 + -22 + -121 + 131.
-13
What is the value of (0 - (-6 - (4 + -13))) + (-5 - 0)?
-8
Evaluate -8 + 124 + -131 + 2 + (28 - 0).
15
What is the value of (-4 - 13) + (-13 - -2 - -8)?
-20
What is (-19 - (-36 + 0)) + -35?
-18
17 + (1 - 5 - 0) + (-121 - -114)
6
What is the value of 21 + (-1 - -2) - (2406 - 2395)?
11
Calculate -11 + (1 - 3) - (-11 - (16 - 36)).
-22
-12 + 10 + (-3 - -5 - (4 + -2))
-2
(-12 - -7) + -4 - (-2 + -19)
12
What is the value of 5 + (-18 - (4 + -5 - -10)) - -8?
-14
(2 - -16) + -46 - -14
-14
Calculate -2 + (11 - (11 + -3 - 1) - 8).
-6
(-30 - -3) + (23 - 20)
-24
What is the value of (-17 + (8 - 0) - -2) + (-8 - 1)?
-16
Calculate 1 + -1 + (-42 - (-58 - -14)).
2
What is 4 - (3 + 2) - (19 - (18 - 7))?
-9
Calculate -750 - -739 - (-18 - (-2 - 1)).
4
What is 14 + (-2 - 46) - (-6 - (9 + -10))?
-29
0 + (-4 - 0 - (-107 - -118))
-15
22 + (-51 - -22) - (-4 + -13 + -1)
11
What is -4 + (3 - 2) + 7 - -5?
9
What is the value of (93 - 97) + (-2 - 1) - -5?
-2
Evaluate 1 + 12 + 5 + -32 + 6.
-8
-9 - (13 + 0 + -3 + -4 + -6)
-9
Calculate -1 + 3 - 3 - (6 - (6 + 5)).
4
What is 6 + 12 + -8 + (-5 - -6)?
11
-5 - (17 + (-2 - 8) + -2)
-10
What is -9 + 2 + (-16 - -8) + 7?
-8
Evaluate (-51 - (-5 + 9 + -21)) + (13 - 2).
-23
Evaluate -20 - ((77 - 83) + (1 - 3)).
-12
What is the value of (3 - 0 - 6) + 7 + -15?
-11
4 + -22 - -12 - (0 - -8)
-14
Evaluate -15 - (-32 - -1) - 20.
-4
What is the value of 589 + -591 + -1 + 0 + -1 + 3?
-1
What is the value of -2 - (-40 + 6 - (5 - 13 - 1))?
23
What is the value of 7 - (43 + -3 - 12) - (0 + -6)?
-15
What is (-21 - (3 + 2)) + 57?
31
What is -10 + 11 + -3 + (0 - -10) + -10?
-2
0 + (-34 - -7) - -11
-16
What is 11 - ((2 - (6 - -8)) + 15)?
8
Evaluate -2 - ((-1 - 17) + 11 + 0 + -18).
23
What is (-30 + 34 - (0 + 16)) + -3 + -1?
-16
Evaluate 25 + (18 + -26 - 11).
6
What is -32 - (-13 + 2 - (-52 + 50))?
-23
Calculate (-1 - (3 - -2)) + 3 + -17 + 16.
-4
What is (0 - 1 - (-54 - -34)) + -15?
4
16 + 15 + (10 + -10 - 6)
25
Calculate (-3 - (0 + 7)) + (31 - 10).
11
What is -1 + -22 - -23 - -3?
3
Calculate -4 + -10 + 4 + 25 - -2.
17
Evaluate 2 + (3 + (-12 - -5) - 5) + -1.
-8
What is -9 - (1 - (2 - (2 + -7 - -10)))?
-13
Calculate 23 + (-18 - (-4 + (-15 - -12))).
12
What is (18 - 7) + -24 + -3?
-16
Evaluate 366 + -380 - ((2 - 3) + -15).
2
Evaluate 8 + (-14 - -22) + -23.
-7
Calculate -2 + 4 - (-1 + 11 - (-42 + 54)).
4
What is the value of -128 - -106 - (0 + 0 - 2)?
-20
Calculate -1 + -5 - (-34 - (-23 + -12)).
-7
What is -5 - -3 - (-370 + 360)?
8
What is -14 + (18 - (-1 + 13 - 6))?
-2
Calculate 3 + (-3 - -4) + -30 + 20.
-6
Evaluate (-10 - -7 - 2) + (-7 - -9).
-3
What is the value of (19 - 22) + (13 - 2) + (1 - 1)?
8
What is the value of (15 - (-1 - -36 - 9)) + -2?
-13
What is the value of -2 + -2 + 7 - 0?
3
Evaluate -11 + 12 - ((7 - 11) + (1 - 0)).
4
Evaluate -5 + -13 - (19 - 35 - -1).
-3
What is -6 - -29 - (0 - 1 - -19)?
5
What is 7 - ((-1 - ((6 - -2) + -9)) + -2)?
9
What is the value of (-3 - 3) + (-6 - -7) + 0?
-5
Evaluate (13 - 40) + -28 + 27.
-28
8 - (-3 - 3 - (-1 - 14 - -3))
2
Calculate -15 - ((17 - 28) + -5).
1
What is -38 - (20 + -6 + (-1 - 5) - 12)?
-34
Evaluate (-2 - -1) + -22 + 17 - (-92 + 98).
-12
What is -22 + (3 - (4 + -4)) + (-12 - -9)?
-22
What is the value of 149 + -130 - (-2 - -3 - -3) - -4?
19
What is 12 - ((17 - 11) + 0 + -3 + -9)?
18
(-34 - -22) + 21 - 26
-17
What is -14 + 39 + -6 + -14 + 16?
21
Evaluate 9 + (-1 - 14) + 10.
4
Calculate 5 - (31 + -8 - -3).
-21
Calculate 12 + (-39 - -27) + (-20 - -3).
-17
What is (2 - 16) + 5 + -1 + 8?
-2
What is (10 - 16) + (31 - 18)?
7
Calculate -40 - -80 - 99 - -36.
-23
What is the value of (7 - -4) + 3 + (-4 - (3 - 3))?
10
Evaluate -9 + (11 - 2 - -3).
3
Calculate (-9 - -19) + (-11 - (-6 + 4)).
1
Calculate (1 - -3) + -24 - (-15 + 3 + 4).
-12
What is (5 - (-4 - -4)) + (-17 - -3)?
-9
(18 - (17 + -10)) + -1
10
Calculate -48 + 15 - -30 - -15.
12
What is the value of -10 + -3 - (293 - 304)?
-2
12 + -2 + (-63 - -29) + 23
-1
Calculate 16 + (-2 - 2) - ((4 - 10) + 0).
18
What is -14 + 29 - (-11 + 13)?
13
What is 527 - 542 - (-1 + -35)?
21
What is the value of -10 + 1 - (-32 + 19 + -7)?
11
What is the value of 17 + -38 - -46 - (4 + 4)?
17
Calculate -8 + (-10 - -12 - 7) + 8.
-5
Calculate 7 - (22 - 2 - (9 + -5 + -8)).
-17
12 - (21 + -11 + 10)
-8
What is the value of 8 + -5 + -10 + 0 - (-1 - 2)?
-4
Evaluate 0 - ((9 - 3 - 2) + -32 - -6).
22
7 + -7 + 0 + (-16 - -22)
6
What is the value of 0 + 0 + (30 - 7) + -4 + -11?
8
What is the value of 10 - (-12 - (-10 + (-2 - -14) + -37))?
-13
What is (5 - (-7 - -9 - 8)) + 7?
18
Calculate 4 + (-12 - -6 - -1) + -1.
-2
Calculate 18 + (0 + 26 - 51).
-7
Evaluate -9 + -1 + (20 - 9) + -11.
-10
What is 62 + -64 - (13 + -2 + 0)?
-13
Evaluate (3 - -1) + (22 - 16) + -6.
4
What is 26 - 8 - (29 + -24)?
13
Evaluate -3 + 0 + 18 + (-4 + -7 - -6).
10
What is the value of 8 - (28 - (-3 + -11 + 13))?
-21
Evaluate (-2 - (-7 - 2)) + (-21 - (8 + -14)).
-8
Calculate -11 + 1 + 5 - (-13 - -13).
-5
(119 - 105) + -15 + 2
1
Evaluate -14 + 0 + (9 - (11 + (-10 - -10))).
-16
What is the value of -4 - -16 - (-1 + 4 - 3)?
12
What is the value of -16 + 5 - -18 - 13?
-6
What is the value of (-2 - (16 + -3)) + (-40 - -34)?
-21
What is the value of -33 + 2 + 43 - (1 - (25 + 1))?
37
Calculate 0 - (-10 - (-2 + -11)) - -21.
18
-8 + 7 - 6 - (-15 - -1)
7
Calculate 13 - 27 - -13 - (1 - 3) - 13.
-12
What is 6 - (7 + -10 + 7) - (21 - 3)?
-16
Evaluate -23 - (34 - 17 - 31).
-9
Calculate (21 + -13 - -23 - 9) + (0 - 5).
17
What is -5 + (-5 + -3 + 1 - -12)?
0
What is 11